{"id":19,"date":"2026-02-18T12:27:30","date_gmt":"2026-02-18T11:27:30","guid":{"rendered":"http:\/\/192.168.30.150\/wordpress\/index.php\/recept-kulcsszavai\/"},"modified":"2026-02-25T14:17:03","modified_gmt":"2026-02-25T13:17:03","slug":"elerhetosegeink","status":"publish","type":"page","link":"https:\/\/www.oroscom.hu\/index.php\/elerhetosegeink\/","title":{"rendered":"El\u00e9rhet\u0151s\u00e9geink"},"content":{"rendered":"\n<p class=\"has-small-font-size\" style=\"font-style:normal;font-weight:600;line-height:1.7\">\u00dcgyf\u00e9lszolg\u00e1lati \u00e9s hibabejelent\u0151 telefonsz\u00e1mok<\/p>\n\n\n\n<p class=\"has-small-font-size\" style=\"font-style:normal;font-weight:600;line-height:1.7\">(+36) 68 680 000, (+36) 66 778 899<br>(+36) 63 663 366, (+36) 62 650 000<br>(+36) 30 910 1484<\/p>\n\n\n\n<div style=\"height:36px\" aria-hidden=\"true\" class=\"wp-block-spacer\"><\/div>\n\n\n\n<p class=\"has-small-font-size\" style=\"font-style:normal;font-weight:600;line-height:1.7\">K\u00f6zponti \u00fcgyf\u00e9lszolg\u00e1lat c\u00edme<\/p>\n\n\n\n<p class=\"has-small-font-size\" style=\"font-style:normal;font-weight:600;line-height:1.7\">5900 Orosh\u00e1za, D\u00f3zsa Gy\u00f6rgy utca 9.<\/p>\n\n\n<figure style=\"aspect-ratio:auto; padding-right:var(--wp--preset--spacing--40);padding-left:var(--wp--preset--spacing--40);margin-right:0;margin-left:0;margin-top:var(--wp--preset--spacing--30);margin-bottom:var(--wp--preset--spacing--30);\" class=\"wp-block-post-featured-image\"><img loading=\"lazy\" decoding=\"async\" width=\"813\" height=\"392\" src=\"https:\/\/www.oroscom.hu\/wp-content\/uploads\/2026\/02\/dozsa_9-2.png\" class=\"has-border-color has-cyan-bluish-gray-border-color wp-post-image\" alt=\"\" style=\"border-top-left-radius:26px;border-top-right-radius:26px;border-bottom-left-radius:26px;border-bottom-right-radius:26px;border-width:2px;width:100%;height:100%;object-fit:cover;\" srcset=\"https:\/\/www.oroscom.hu\/wp-content\/uploads\/2026\/02\/dozsa_9-2.png 813w, https:\/\/www.oroscom.hu\/wp-content\/uploads\/2026\/02\/dozsa_9-2-300x145.png 300w, https:\/\/www.oroscom.hu\/wp-content\/uploads\/2026\/02\/dozsa_9-2-768x370.png 768w\" sizes=\"auto, (max-width: 813px) 100vw, 813px\" \/><\/figure>\n\n\n<p class=\"has-small-font-size\" style=\"font-style:normal;font-weight:600;line-height:1.7\">Postac\u00edm\u00fcnk<\/p>\n\n\n\n<p class=\"has-small-font-size\" style=\"border-style:none;border-width:0px;margin-top:0;margin-bottom:0;padding-top:0;padding-right:0;padding-bottom:0;padding-left:0;font-style:normal;font-weight:600;line-height:1.7\">OrosCom \u00dcgyf\u00e9lszolg\u00e1lat, 5901 Orosh\u00e1za, Pf. 148.<\/p>\n","protected":false},"excerpt":{"rendered":"<p>\u00dcgyf\u00e9lszolg\u00e1lati \u00e9s hibabejelent\u0151 telefonsz\u00e1mok (+36) 68 680 000, (+36) 66 778 899(+36) 63 663 366, (+36) 62 650 000(+36) 30 910 1484 K\u00f6zponti \u00fcgyf\u00e9lszolg\u00e1lat c\u00edme 5900 Orosh\u00e1za, D\u00f3zsa Gy\u00f6rgy utca 9. Postac\u00edm\u00fcnk OrosCom \u00dcgyf\u00e9lszolg\u00e1lat, 5901 Orosh\u00e1za, Pf. 148.<\/p>\n","protected":false},"author":1,"featured_media":314,"parent":0,"menu_order":0,"comment_status":"closed","ping_status":"closed","template":"","meta":{"footnotes":""},"class_list":["post-19","page","type-page","status-publish","has-post-thumbnail","hentry"],"_links":{"self":[{"href":"https:\/\/www.oroscom.hu\/index.php\/wp-json\/wp\/v2\/pages\/19","targetHints":{"allow":["GET"]}}],"collection":[{"href":"https:\/\/www.oroscom.hu\/index.php\/wp-json\/wp\/v2\/pages"}],"about":[{"href":"https:\/\/www.oroscom.hu\/index.php\/wp-json\/wp\/v2\/types\/page"}],"author":[{"embeddable":true,"href":"https:\/\/www.oroscom.hu\/index.php\/wp-json\/wp\/v2\/users\/1"}],"replies":[{"embeddable":true,"href":"https:\/\/www.oroscom.hu\/index.php\/wp-json\/wp\/v2\/comments?post=19"}],"version-history":[{"count":9,"href":"https:\/\/www.oroscom.hu\/index.php\/wp-json\/wp\/v2\/pages\/19\/revisions"}],"predecessor-version":[{"id":315,"href":"https:\/\/www.oroscom.hu\/index.php\/wp-json\/wp\/v2\/pages\/19\/revisions\/315"}],"wp:featuredmedia":[{"embeddable":true,"href":"https:\/\/www.oroscom.hu\/index.php\/wp-json\/wp\/v2\/media\/314"}],"wp:attachment":[{"href":"https:\/\/www.oroscom.hu\/index.php\/wp-json\/wp\/v2\/media?parent=19"}],"curies":[{"name":"wp","href":"https:\/\/api.w.org\/{rel}","templated":true}]}}